{"id":1919,"date":"2026-01-03T15:24:42","date_gmt":"2026-01-03T15:24:42","guid":{"rendered":"https:\/\/viajerasinfronteras.com\/?page_id=1919"},"modified":"2026-01-17T14:22:52","modified_gmt":"2026-01-17T14:22:52","slug":"nueva-zelanda-faqs","status":"publish","type":"page","link":"https:\/\/viajerasinfronteras.com\/index.php\/nueva-zelanda-faqs\/","title":{"rendered":"NUEVA ZELANDA &#8211; FAQS"},"content":{"rendered":"\t\t<div data-elementor-type=\"wp-page\" data-elementor-id=\"1919\" class=\"elementor elementor-1919\">\n\t\t\t\t<div class=\"elementor-element elementor-element-9f171ba e-flex e-con-boxed e-con e-parent\" data-id=\"9f171ba\" data-element_type=\"container\">\n\t\t\t\t\t<div class=\"e-con-inner\">\n\t\t\t\t<div class=\"elementor-element elementor-element-46827ca elementor-widget elementor-widget-heading\" data-id=\"46827ca\" data-element_type=\"widget\" data-widget_type=\"heading.default\">\n\t\t\t\t<div class=\"elementor-widget-container\">\n\t\t\t\t\t<h2 class=\"elementor-heading-title elementor-size-default\">nueza zelanda - FAQ's<\/h2>\t\t\t\t<\/div>\n\t\t\t\t<\/div>\n\t\t\t\t\t<\/div>\n\t\t\t\t<\/div>\n\t\t<div class=\"elementor-element elementor-element-20e83ee e-con-full e-flex e-con e-parent\" data-id=\"20e83ee\" data-element_type=\"container\" id=\"NZFAQ1\">\n\t\t\t\t<div class=\"elementor-element elementor-element-1dba637 elementor-widget elementor-widget-heading\" data-id=\"1dba637\" data-element_type=\"widget\" data-widget_type=\"heading.default\">\n\t\t\t\t<div class=\"elementor-widget-container\">\n\t\t\t\t\t<h2 class=\"elementor-heading-title elementor-size-default\">COMO CRUZAR ENTRE ISLAS, COMPA\u00d1\u00cdAS, PRECIOS Y CONSEJOS<\/h2>\t\t\t\t<\/div>\n\t\t\t\t<\/div>\n\t\t\t\t<div class=\"elementor-element elementor-element-3975685 premium-wrapper-link-yes elementor-widget elementor-widget-text-editor\" data-id=\"3975685\" data-element_type=\"widget\" data-widget_type=\"text-editor.default\">\n\t\t\t\t<div class=\"elementor-widget-container\">\n\t\t\t\t\t\t\t\t\t<p>Pese a que quiz\u00e1 te parezca un tr\u00e1mite algo complejo, cruzar entre islas es lo\u00a0m\u00e1s habitual, es muy sencillo y est\u00e1 todo muy bien preparado. El cruce entre ambas islas se realiza mediante ferry o vuelo. Si viajas en\u00a0camper\u00a0o autocaravana\u00a0solo\u00a0tienes una opci\u00f3n. Hay dos compa\u00f1\u00edas que ofertan este servicio, ambas van del puerto de\u00a0Picton\u00a0en la isla Sur hasta el puerto de\u00a0Wellingtong\u00a0en la isla Norte.<\/p><p>Las compa\u00f1\u00edas que te he nombrado anteriormente se llaman,\u00a0Interislander\u00a0y\u00a0Bluebridge, en los siguientes enlaces te facilito el horario de ambas para que escojas la que m\u00e1s se adapte a tu itinerario.<\/p><p>En cuanto a precios,\u00a0bluebridge\u00a0suele ser algo m\u00e1s econ\u00f3mica por tener barcos algo m\u00e1s peque\u00f1os, pero ambas opciones son igual de buenas, lo que muy posiblemente determine la elecci\u00f3n es el horario.<\/p><p>La verdad es que es un viaje que no tiene desperdicio, las vistas tanto si vas de salido como de entrada en la isla sur,\u00a0Marlborough\u00a0Sounds\u00a0es un paisaje que no te dejar\u00e1 indiferente.<\/p><p>Consejo: Si finalmente viaj\u00e1is en temporada alta, reservar con margen, ya que pese a que los barcos son grandes hay much\u00edsimo tr\u00e1fico mar\u00edtimo.<\/p>\t\t\t\t\t\t\t\t<\/div>\n\t\t\t\t<\/div>\n\t\t\t\t<div class=\"elementor-element elementor-element-593960c elementor-widget elementor-widget-image-gallery\" data-id=\"593960c\" data-element_type=\"widget\" data-widget_type=\"image-gallery.default\">\n\t\t\t\t<div class=\"elementor-widget-container\">\n\t\t\t\t\t\t\t<div class=\"elementor-image-gallery\">\n\t\t\t<div id='gallery-1' class='gallery galleryid-1919 gallery-columns-1 gallery-size-large'><figure class='gallery-item'>\n\t\t\t<div class='gallery-icon landscape'>\n\t\t\t\t<img fetchpriority=\"high\" width=\"800\" height=\"450\" src=\"https:\/\/viajerasinfronteras.com\/wp-content\/uploads\/2026\/01\/IMG_20230516_142453-1024x576.jpg\" class=\"attachment-large size-large\" alt=\"\" aria-describedby=\"gallery-1-1925\" decoding=\"async\" srcset=\"https:\/\/viajerasinfronteras.com\/wp-content\/uploads\/2026\/01\/IMG_20230516_142453-1024x576.jpg 1024w, https:\/\/viajerasinfronteras.com\/wp-content\/uploads\/2026\/01\/IMG_20230516_142453-300x169.jpg 300w, https:\/\/viajerasinfronteras.com\/wp-content\/uploads\/2026\/01\/IMG_20230516_142453-768x432.jpg 768w, https:\/\/viajerasinfronteras.com\/wp-content\/uploads\/2026\/01\/IMG_20230516_142453-1536x864.jpg 1536w, https:\/\/viajerasinfronteras.com\/wp-content\/uploads\/2026\/01\/IMG_20230516_142453-2048x1152.jpg 2048w\" sizes=\"(max-width: 800px) 100vw, 800px\" \/>\n\t\t\t<\/div>\n\t\t\t\t<figcaption class='wp-caption-text gallery-caption' id='gallery-1-1925'>\n\t\t\t\tVistas desde el ferry\n\t\t\t\t<\/figcaption><\/figure>\n\t\t<\/div>\n\t\t<\/div>\n\t\t\t\t\t\t<\/div>\n\t\t\t\t<\/div>\n\t\t\t\t<\/div>\n\t\t<div class=\"elementor-element elementor-element-0c17dbb e-con-full e-flex e-con e-parent\" data-id=\"0c17dbb\" data-element_type=\"container\" id=\"NZFAQ2\">\n\t\t\t\t<div class=\"elementor-element elementor-element-171e234 elementor-widget elementor-widget-heading\" data-id=\"171e234\" data-element_type=\"widget\" data-widget_type=\"heading.default\">\n\t\t\t\t<div class=\"elementor-widget-container\">\n\t\t\t\t\t<h2 class=\"elementor-heading-title elementor-size-default\">SUPERMERCADOS MAS ECON\u00d3MICOS<\/h2>\t\t\t\t<\/div>\n\t\t\t\t<\/div>\n\t\t\t\t<div class=\"elementor-element elementor-element-d3ec239 premium-wrapper-link-yes elementor-widget elementor-widget-text-editor\" data-id=\"d3ec239\" data-element_type=\"widget\" data-widget_type=\"text-editor.default\">\n\t\t\t\t<div class=\"elementor-widget-container\">\n\t\t\t\t\t\t\t\t\t<p>Si eres de los que vas a recorrer la o las islas en\u00a0camper\u00a0o autocaravana, este post te interesa especialmente, ya que podr\u00e1s ahorrar bastante en tu compra.<\/p><p>Hay una gran variedad de cadenas de supermercados tanto en la isla norte como en\u00a0el sur, pero mi recomendaci\u00f3n es que para hacer la compra te dirijas a los supermercados PACK&#8217;nSAVE. Se trata de una de las mayores cadenas y cuanta con 58 tiendas repartidas por todo el pa\u00eds.<\/p><p>Tienen muy buenas ofertas y\u00a0ahorrar\u00e9is\u00a0mucho si\u00a0hac\u00e9is\u00a0grandes compras, que es lo que te recomiendo para tu viaje. Te dejo el enlace de google con todas la ubicaciones de los PACK&#8217;nSAVE de ambas islas.<\/p><p><a href=\"https:\/\/www.google.es\/maps\/search\/pak'nsave\/@-39.9981332,165.8280731,1585535m\/data=!3m1!1e3?hl=es&amp;entry=ttu&amp;g_ep=EgoyMDI1MTIwOS4wIKXMDSoASAFQAw%3D%3D\" target=\"_blank\" rel=\"noopener\">Mapa con todos los PAK&#8217;nSAVE<\/a><\/p>\t\t\t\t\t\t\t\t<\/div>\n\t\t\t\t<\/div>\n\t\t\t\t<\/div>\n\t\t<div class=\"elementor-element elementor-element-5840f4d e-con-full e-flex e-con e-parent\" data-id=\"5840f4d\" data-element_type=\"container\" id=\"NZFAQ3\">\n\t\t\t\t<div class=\"elementor-element elementor-element-d3ddaec elementor-widget elementor-widget-heading\" data-id=\"d3ddaec\" data-element_type=\"widget\" data-widget_type=\"heading.default\">\n\t\t\t\t<div class=\"elementor-widget-container\">\n\t\t\t\t\t<h2 class=\"elementor-heading-title elementor-size-default\">QUE COMPA\u00d1IA ESCOGER PARA ALQUILAR TU CAMPER<\/h2>\t\t\t\t<\/div>\n\t\t\t\t<\/div>\n\t\t\t\t<div class=\"elementor-element elementor-element-2007475 premium-wrapper-link-yes elementor-widget elementor-widget-text-editor\" data-id=\"2007475\" data-element_type=\"widget\" data-widget_type=\"text-editor.default\">\n\t\t\t\t<div class=\"elementor-widget-container\">\n\t\t\t\t\t\t\t\t\t<p>Esta es una de las\u00a0cuestiones\u00a0que probablemente siempre nos trae\u00a0m\u00e1s\u00a0quebraderos de cabeza. Hay muchas\u00a0compa\u00f1\u00edas\u00a0que alquilan tanto\u00a0campers, como autocaravanas, ya que\u00a0es la manera en que la\u00a0mayor\u00eda\u00a0de viajeros deciden recorrer\u00a0este hermoso\u00a0pa\u00eds.<\/p><p>Te dejo un listado de algunas de las compa\u00f1\u00edas para que puedas realizar tu comparativo:<\/p><p>\u00b7 camperdays \u00b7 indiecampers \u00b7 freedom campers \u00b7 apollo \u00b7 travellers \u00b7 epic campers \u00b7 touringcars \u00b7 jucy \u00b7 roadsurfer \u00b7 adventurer campers \u00b7 britz \u00b7 escape rentals, etc<\/p><p>Nosotros nos decantamos por\u00a0<strong>EPIC\u00a0CAMPERS<\/strong>, fue todo supersencillo, el trato sensacional el precio s\u00faper competitivo que fue lo que al final nos hizo elegir, dado que para nuestras necesidades con un modelo sin ducha interior era suficiente. Para que te hagas una idea, el precio de la camper desde Christchurch a Aukland por un per\u00edodo de 28 d\u00edas fue de 4.400 NZ$, es decir unos 2.127\u20ac al cambio en 2023.<\/p>\t\t\t\t\t\t\t\t<\/div>\n\t\t\t\t<\/div>\n\t\t\t\t<div class=\"elementor-element elementor-element-f609260 elementor-widget elementor-widget-image-gallery\" data-id=\"f609260\" data-element_type=\"widget\" data-widget_type=\"image-gallery.default\">\n\t\t\t\t<div class=\"elementor-widget-container\">\n\t\t\t\t\t\t\t<div class=\"elementor-image-gallery\">\n\t\t\t<div id='gallery-2' class='gallery galleryid-1919 gallery-columns-3 gallery-size-medium'><figure class='gallery-item'>\n\t\t\t<div class='gallery-icon portrait'>\n\t\t\t\t<img width=\"222\" height=\"300\" src=\"https:\/\/viajerasinfronteras.com\/wp-content\/uploads\/2026\/01\/60-222x300.png\" class=\"attachment-medium size-medium\" alt=\"\" aria-describedby=\"gallery-2-1991\" decoding=\"async\" srcset=\"https:\/\/viajerasinfronteras.com\/wp-content\/uploads\/2026\/01\/60-222x300.png 222w, https:\/\/viajerasinfronteras.com\/wp-content\/uploads\/2026\/01\/60.png 370w\" sizes=\"(max-width: 222px) 100vw, 222px\" \/>\n\t\t\t<\/div>\n\t\t\t\t<figcaption class='wp-caption-text gallery-caption' id='gallery-2-1991'>\n\t\t\t\tEn nuestra &#8220;Jucy&#8221;\n\t\t\t\t<\/figcaption><\/figure><figure class='gallery-item'>\n\t\t\t<div class='gallery-icon portrait'>\n\t\t\t\t<img width=\"222\" height=\"300\" src=\"https:\/\/viajerasinfronteras.com\/wp-content\/uploads\/2026\/01\/59-222x300.png\" class=\"attachment-medium size-medium\" alt=\"\" aria-describedby=\"gallery-2-1990\" decoding=\"async\" srcset=\"https:\/\/viajerasinfronteras.com\/wp-content\/uploads\/2026\/01\/59-222x300.png 222w, https:\/\/viajerasinfronteras.com\/wp-content\/uploads\/2026\/01\/59.png 370w\" sizes=\"(max-width: 222px) 100vw, 222px\" \/>\n\t\t\t<\/div>\n\t\t\t\t<figcaption class='wp-caption-text gallery-caption' id='gallery-2-1990'>\n\t\t\t\tInterior de la camper\n\t\t\t\t<\/figcaption><\/figure><figure class='gallery-item'>\n\t\t\t<div class='gallery-icon portrait'>\n\t\t\t\t<img loading=\"lazy\" width=\"222\" height=\"300\" src=\"https:\/\/viajerasinfronteras.com\/wp-content\/uploads\/2026\/01\/58-222x300.png\" class=\"attachment-medium size-medium\" alt=\"\" aria-describedby=\"gallery-2-1989\" decoding=\"async\" srcset=\"https:\/\/viajerasinfronteras.com\/wp-content\/uploads\/2026\/01\/58-222x300.png 222w, https:\/\/viajerasinfronteras.com\/wp-content\/uploads\/2026\/01\/58.png 370w\" sizes=\"(max-width: 222px) 100vw, 222px\" \/>\n\t\t\t<\/div>\n\t\t\t\t<figcaption class='wp-caption-text gallery-caption' id='gallery-2-1989'>\n\t\t\t\tFrente a un lago\n\t\t\t\t<\/figcaption><\/figure>\n\t\t<\/div>\n\t\t<\/div>\n\t\t\t\t\t\t<\/div>\n\t\t\t\t<\/div>\n\t\t\t\t<\/div>\n\t\t<div class=\"elementor-element elementor-element-47c23f3 e-con-full e-flex e-con e-parent\" data-id=\"47c23f3\" data-element_type=\"container\" id=\"NZFAQ4\">\n\t\t\t\t<div class=\"elementor-element elementor-element-d4fc6b8 elementor-widget elementor-widget-heading\" data-id=\"d4fc6b8\" data-element_type=\"widget\" data-widget_type=\"heading.default\">\n\t\t\t\t<div class=\"elementor-widget-container\">\n\t\t\t\t\t<h2 class=\"elementor-heading-title elementor-size-default\">QUE NO PUEDE FALTAR EN TU MOCHILA SI VIAJAS A NZ<\/h2>\t\t\t\t<\/div>\n\t\t\t\t<\/div>\n\t\t\t\t<div class=\"elementor-element elementor-element-9869441 premium-wrapper-link-yes elementor-widget elementor-widget-text-editor\" data-id=\"9869441\" data-element_type=\"widget\" data-widget_type=\"text-editor.default\">\n\t\t\t\t<div class=\"elementor-widget-container\">\n\t\t\t\t\t\t\t\t\t<p>Si viajas a Nueva Zelanda es porque probablemente entre otras muchas cosas te gusta la naturaleza, por lo que te recomiendo unos <strong>palos de treking plegables<\/strong> si vas a hacer rutas y junto con ellos, un f<strong>rontal y bolsas de pl\u00e1stico y calcetines de recambio.<\/strong><\/p><p>Si tu viaje va mas enfocado en la fauna, creo que un b\u00e1sico ser\u00eda unos <strong>prism\u00e1ticos<\/strong>, ya que este hermoso pa\u00eds nos ofrece una variedad de flora y fauna tan distinta a la nuestra que es una maravilla poder disfrutar de todos los detalle.<\/p><p>Aunque vayas en verano te recomiendo que lleves <strong>ropa de abrigo<\/strong> porque las temperaturas por la noche son frescas incluso en los meses mas calidos.<\/p><p>Y por \u00faltimo te recomiendo una <strong>buena c\u00e1mara<\/strong> porque los paisajes de este pa\u00eds no tienen desperdicio. Mires donde mires est\u00e1 lleno de postales, es de una belleza inigualable.<\/p>\t\t\t\t\t\t\t\t<\/div>\n\t\t\t\t<\/div>\n\t\t\t\t<\/div>\n\t\t<div class=\"elementor-element elementor-element-ddc5c43 e-con-full e-flex e-con e-parent\" data-id=\"ddc5c43\" data-element_type=\"container\" id=\"NZFAQ5\">\n\t\t\t\t<div class=\"elementor-element elementor-element-d94b7bb elementor-widget elementor-widget-heading\" data-id=\"d94b7bb\" data-element_type=\"widget\" data-widget_type=\"heading.default\">\n\t\t\t\t<div class=\"elementor-widget-container\">\n\t\t\t\t\t<h2 class=\"elementor-heading-title elementor-size-default\">\u00bfCOMO Y DONDE RECARGAR LAS BOTELLAS DE GAS DE TU CAMPER?<\/h2>\t\t\t\t<\/div>\n\t\t\t\t<\/div>\n\t\t\t\t<div class=\"elementor-element elementor-element-c1c6bb8 premium-wrapper-link-yes elementor-widget elementor-widget-text-editor\" data-id=\"c1c6bb8\" data-element_type=\"widget\" data-widget_type=\"text-editor.default\">\n\t\t\t\t<div class=\"elementor-widget-container\">\n\t\t\t\t\t\t\t\t\t<p>Algo que nos encant\u00f3 del pa\u00eds es que a diferencia del resto de pa\u00edses en los que hemos viajado con\u00a0camper\u00a0el tema del gas funciona totalmente diferente.<\/p><p>En\u00a0la inmensa mayor\u00eda de pa\u00edses se utiliza el conocido sistema de cambio de botellas vac\u00edas por llenas, pero en nueva\u00a0Zelanda\u00a0es diferente! \u00a1No tienes que cambiar el recipiente!!! Solo tienes que rellenarlo y pagar lo que rellenes. Es supersencillo, accesible y econ\u00f3mico.<\/p><p>En un mont\u00f3n de gasolineras se ofrece este servicio, igual que en grandes \u00e1reas de servicio incluso en supermercados. Nosotros utilizamos la famosa <strong>aplicaci\u00f3n CamperMate,<\/strong> donde podr\u00e1s ver todos los lugares donde poder recargar las botellas. Pero no solo eso&#8230;. podr\u00e1s ver donde dormir, donde poder beber agua en fuentes p\u00fablicas de agua potable, duchas, etc. Es una maravilla de aplicaci\u00f3n <strong>B\u00c1SICA si viajas en\u00a0camper.<\/strong><\/p>\t\t\t\t\t\t\t\t<\/div>\n\t\t\t\t<\/div>\n\t\t\t\t<div class=\"elementor-element elementor-element-4175eab elementor-widget elementor-widget-image-gallery\" data-id=\"4175eab\" data-element_type=\"widget\" data-widget_type=\"image-gallery.default\">\n\t\t\t\t<div class=\"elementor-widget-container\">\n\t\t\t\t\t\t\t<div class=\"elementor-image-gallery\">\n\t\t\t<div id='gallery-3' class='gallery galleryid-1919 gallery-columns-3 gallery-size-medium'><figure class='gallery-item'>\n\t\t\t<div class='gallery-icon portrait'>\n\t\t\t\t<img loading=\"lazy\" width=\"222\" height=\"300\" src=\"https:\/\/viajerasinfronteras.com\/wp-content\/uploads\/2026\/01\/61-222x300.png\" class=\"attachment-medium size-medium\" alt=\"\" aria-describedby=\"gallery-3-2003\" decoding=\"async\" srcset=\"https:\/\/viajerasinfronteras.com\/wp-content\/uploads\/2026\/01\/61-222x300.png 222w, https:\/\/viajerasinfronteras.com\/wp-content\/uploads\/2026\/01\/61.png 370w\" sizes=\"(max-width: 222px) 100vw, 222px\" \/>\n\t\t\t<\/div>\n\t\t\t\t<figcaption class='wp-caption-text gallery-caption' id='gallery-3-2003'>\n\t\t\t\tLugares donde dormir gratis\n\t\t\t\t<\/figcaption><\/figure><figure class='gallery-item'>\n\t\t\t<div class='gallery-icon portrait'>\n\t\t\t\t<img loading=\"lazy\" width=\"222\" height=\"300\" src=\"https:\/\/viajerasinfronteras.com\/wp-content\/uploads\/2026\/01\/63-222x300.png\" class=\"attachment-medium size-medium\" alt=\"\" aria-describedby=\"gallery-3-2005\" decoding=\"async\" srcset=\"https:\/\/viajerasinfronteras.com\/wp-content\/uploads\/2026\/01\/63-222x300.png 222w, https:\/\/viajerasinfronteras.com\/wp-content\/uploads\/2026\/01\/63.png 370w\" sizes=\"(max-width: 222px) 100vw, 222px\" \/>\n\t\t\t<\/div>\n\t\t\t\t<figcaption class='wp-caption-text gallery-caption' id='gallery-3-2005'>\n\t\t\t\tDonde recargar las botellas de gas\n\t\t\t\t<\/figcaption><\/figure><figure class='gallery-item'>\n\t\t\t<div class='gallery-icon portrait'>\n\t\t\t\t<img loading=\"lazy\" width=\"222\" height=\"300\" src=\"https:\/\/viajerasinfronteras.com\/wp-content\/uploads\/2026\/01\/Nueva-Zelanda-222x300.png\" class=\"attachment-medium size-medium\" alt=\"\" aria-describedby=\"gallery-3-2006\" decoding=\"async\" srcset=\"https:\/\/viajerasinfronteras.com\/wp-content\/uploads\/2026\/01\/Nueva-Zelanda-222x300.png 222w, https:\/\/viajerasinfronteras.com\/wp-content\/uploads\/2026\/01\/Nueva-Zelanda.png 370w\" sizes=\"(max-width: 222px) 100vw, 222px\" \/>\n\t\t\t<\/div>\n\t\t\t\t<figcaption class='wp-caption-text gallery-caption' id='gallery-3-2006'>\n\t\t\t\tDuchas p\u00fablicas\n\t\t\t\t<\/figcaption><\/figure>\n\t\t<\/div>\n\t\t<\/div>\n\t\t\t\t\t\t<\/div>\n\t\t\t\t<\/div>\n\t\t\t\t<\/div>\n\t\t<div class=\"elementor-element elementor-element-3a8a05d e-con-full e-flex e-con e-parent\" data-id=\"3a8a05d\" data-element_type=\"container\" id=\"NZFAQ6\">\n\t\t\t\t<div class=\"elementor-element elementor-element-6e53c23 elementor-widget elementor-widget-heading\" data-id=\"6e53c23\" data-element_type=\"widget\" data-widget_type=\"heading.default\">\n\t\t\t\t<div class=\"elementor-widget-container\">\n\t\t\t\t\t<h2 class=\"elementor-heading-title elementor-size-default\">SELF-CONTAINED vs NON SELF-CONTAINED<\/h2>\t\t\t\t<\/div>\n\t\t\t\t<\/div>\n\t\t\t\t<div class=\"elementor-element elementor-element-372094c premium-wrapper-link-yes elementor-widget elementor-widget-text-editor\" data-id=\"372094c\" data-element_type=\"widget\" data-widget_type=\"text-editor.default\">\n\t\t\t\t<div class=\"elementor-widget-container\">\n\t\t\t\t\t\t\t\t\t<p>Si hay un tema que es muy importante a tener en cuanta para cuando alquiles tu camper es el siguiente aspecto. Las campers en Nueva Zelanda se clasifican como Self- Contained y non Self-Contained, que significa esto?<\/p><p>SELF_CONTAINED: Son aquellas campers, autocaravanas o veh\u00edculos lo que nosotros dir\u00edamos aut\u00f3nomos. Es decir est\u00e1n preparados para ser autosuficientes. Para que un veh\u00edculo obtenga una pegatina de color Azul que la diferencia de las Non Self-Contained, ha de cumplir una serie de requisitos m\u00ednimos:<\/p><p>\u00a0 \u00a0 \u00a0&#8211; Inodoro (port\u00e1til o fijo)<br \/>\u00a0 \u00a0 \u00a0&#8211; Dep\u00f3sito de aguas grises<br \/>\u00a0 \u00a0 \u00a0&#8211; Dep\u00f3sito de agua dulce<br \/>\u00a0 \u00a0 \u00a0&#8211; Un cubo de basura con tapa<br \/>\u00a0 \u00a0 \u00a0&#8211; Un fregadero con sif\u00f3n conectado a un dep\u00f3sito de aguas residuales.<\/p><p>Nueva Zelanda cuida y conserva su entorno natural por lo que regula muy estrictamente donde se puede pernoctar y no en funci\u00f3n de si el veh\u00edculo es aut\u00f3nomo o no. Si por casualidad te quedas a dormir en un lugar espec\u00edfico para veh\u00edculo self-contained y el tuyo no lo es, la multa es de un coste muy elevado. Por lo que <strong>te recomiendo encarecidamente que escojas un veh\u00edculo self contained<\/strong>, ya que si no es as\u00ed tus opciones para pernoctar se reducen considerablemente, adem\u00e1s que tendr\u00e1s mucha m\u00e1s libertad para moverte m\u00e1s d\u00edas sin tener que verte obligado a parar en un campground.<\/p>\t\t\t\t\t\t\t\t<\/div>\n\t\t\t\t<\/div>\n\t\t\t\t<div class=\"elementor-element elementor-element-d04fad1 elementor-widget elementor-widget-image-gallery\" data-id=\"d04fad1\" data-element_type=\"widget\" data-widget_type=\"image-gallery.default\">\n\t\t\t\t<div class=\"elementor-widget-container\">\n\t\t\t\t\t\t\t<div class=\"elementor-image-gallery\">\n\t\t\t<div id='gallery-4' class='gallery galleryid-1919 gallery-columns-1 gallery-size-medium'><figure class='gallery-item'>\n\t\t\t<div class='gallery-icon landscape'>\n\t\t\t\t<img loading=\"lazy\" width=\"300\" height=\"250\" src=\"https:\/\/viajerasinfronteras.com\/wp-content\/uploads\/2026\/01\/self-containmentbluesticker-300x250.jpeg\" class=\"attachment-medium size-medium\" alt=\"\" aria-describedby=\"gallery-4-2007\" decoding=\"async\" srcset=\"https:\/\/viajerasinfronteras.com\/wp-content\/uploads\/2026\/01\/self-containmentbluesticker-300x250.jpeg 300w, https:\/\/viajerasinfronteras.com\/wp-content\/uploads\/2026\/01\/self-containmentbluesticker.jpeg 320w\" sizes=\"(max-width: 300px) 100vw, 300px\" \/>\n\t\t\t<\/div>\n\t\t\t\t<figcaption class='wp-caption-text gallery-caption' id='gallery-4-2007'>\n\t\t\t\tAdhesivo que debe tener tu veh\u00edculo.\n\t\t\t\t<\/figcaption><\/figure>\n\t\t<\/div>\n\t\t<\/div>\n\t\t\t\t\t\t<\/div>\n\t\t\t\t<\/div>\n\t\t\t\t<\/div>\n\t\t\t\t<\/div>\n\t\t","protected":false},"excerpt":{"rendered":"<p>nueza zelanda &#8211; FAQ&#8217;s COMO CRUZAR ENTRE ISLAS, COMPA\u00d1\u00cdAS, PRECIOS Y CONSEJOS Pese a que quiz\u00e1 te parezca un tr\u00e1mite algo complejo, cruzar entre islas es lo\u00a0m\u00e1s habitual, es muy sencillo y est\u00e1 todo muy bien preparado. El cruce entre ambas islas se realiza mediante ferry o vuelo. Si viajas en\u00a0camper\u00a0o autocaravana\u00a0solo\u00a0tienes una opci\u00f3n. Hay [&hellip;]<\/p>\n","protected":false},"author":1,"featured_media":0,"parent":0,"menu_order":0,"comment_status":"closed","ping_status":"closed","template":"","meta":{"footnotes":""},"class_list":["post-1919","page","type-page","status-publish","hentry"],"_links":{"self":[{"href":"https:\/\/viajerasinfronteras.com\/index.php\/wp-json\/wp\/v2\/pages\/1919","targetHints":{"allow":["GET"]}}],"collection":[{"href":"https:\/\/viajerasinfronteras.com\/index.php\/wp-json\/wp\/v2\/pages"}],"about":[{"href":"https:\/\/viajerasinfronteras.com\/index.php\/wp-json\/wp\/v2\/types\/page"}],"author":[{"embeddable":true,"href":"https:\/\/viajerasinfronteras.com\/index.php\/wp-json\/wp\/v2\/users\/1"}],"replies":[{"embeddable":true,"href":"https:\/\/viajerasinfronteras.com\/index.php\/wp-json\/wp\/v2\/comments?post=1919"}],"version-history":[{"count":50,"href":"https:\/\/viajerasinfronteras.com\/index.php\/wp-json\/wp\/v2\/pages\/1919\/revisions"}],"predecessor-version":[{"id":2296,"href":"https:\/\/viajerasinfronteras.com\/index.php\/wp-json\/wp\/v2\/pages\/1919\/revisions\/2296"}],"wp:attachment":[{"href":"https:\/\/viajerasinfronteras.com\/index.php\/wp-json\/wp\/v2\/media?parent=1919"}],"curies":[{"name":"wp","href":"https:\/\/api.w.org\/{rel}","templated":true}]}}